 = 23 - 11. What is the greatest common divisor of x and c?
12
Suppose -58*b + 263 = -1071. What is the highest common factor of b and 7?
1
Suppose 0 = h - 3*f - 29, 5*h + 4*f - 88 = -0*h. Let j = 79 + 21. What is the greatest common divisor of j and h?
20
Let r be (-2)/(((-12)/4)/18*4). Calculate the highest common divisor of r and 8.
1
Let q(m) = m**2 - 40*m - 64. Let k be q(-16). Calculate the greatest common factor of 52 and k.
52
Let b = 8578 + -8576. Let a be 50/8 - (-2)/(-8). Calculate the greatest common divisor of b and a.
2
Suppose 3*u = w - 2*u - 18, -5*w - 2*u + 9 = 0. Let o be 4 + 12 - (w - -2). Calculate the highest common divisor of o and 11.
11
Suppose -j = 78 - 82. Suppose 3*g + g + 5*t = 5, 12 = -j*t. Calculate the highest common divisor of g and 5.
5
Let t(z) = -33*z - 127. Let q be t(-4). Let l be ((-8)/10)/(4/(-10)). Let d be (0/(-1) - 1) + l. What is the greatest common divisor of q and d?
1
Let n be -2*(1647/6)/9. Let o = n - -62. Let k be 1 + 1/(2 + -1). What is the greatest common divisor of k and o?
1
Let v be (-2)/5 + 87/5. Suppose -2*d = -6*d - 8*d + 1836. Calculate the highest common divisor of d and v.
17
Suppose 2*a = 2*x - 124, -15*x = -14*x + 4*a - 77. Calculate the highest common divisor of 117 and x.
13
Let w be 6 - 444/(-17) - (-2)/(-17). What is the greatest common divisor of 992 and w?
32
Let o = -17 - -21. Suppose 29*l + 3 = 30*l. Let p(j) = -j**3 + 7*j**2 - 2*j - 2. Let z be p(l). Calculate the greatest common factor of z and o.
4
Let r(i) = -4*i - 3. Let f be r(-2). Calculate the greatest common divisor of 45 and f.
5
Suppose -17*m - 2*m = -114. What is the highest common divisor of m and 90?
6
Suppose -18*f + 833 = -f. Suppose 3*r = 71 + f. Let t = -8 + 16. What is the highest common factor of t and r?
8
Suppose 5*q - 1184 = 3*t, 0*q = 2*q - 4*t - 482. What is the highest common divisor of q and 5?
5
Let d = 1552 + -1532. What is the highest common divisor of 75 and d?
5
Let g = -366 + 374. Calculate the greatest common factor of 128 and g.
8
Suppose -2*k + 6 - 26 = -5*l, -16 = 2*l + 4*k. Suppose 36 = -0*b + l*b. What is the highest common factor of 3 and b?
3
Suppose -4*a = -8*a - 52. Let v(b) = b**3 + 13*b**2 + 12. Let c be v(a). Let q be (-9)/(-12) + (-711)/(-12). What is the greatest common divisor of c and q?
12
Let d(j) = -6*j**3 - j**2. Let i be d(-1). Suppose i*a = -2*t + 5*t + 288, 64 = a + t. Let c = 116 - a. Calculate the highest common divisor of c and 8.
8
Let z be (-361)/(-38) + (-2)/(-4). What is the greatest common factor of 130 and z?
10
Let h be 7 + -2 - (55/(-11) + 3). Calculate the highest common factor of 112 and h.
7
Suppose h - 4*h - 12 = 0. Let s(w) = -w**3 - 3*w**2. Let r be s(h). Suppose 33 = 2*x + 5*q - 0, -x + 39 = -5*q. What is the greatest common divisor of x and r?
8
Let l(i) = -13*i - 1. Suppose -2*n = w - 5, -3*n - n = w - 11. Let x be l(w). Suppose 22*h - 178 = 86. What is the greatest common divisor of x and h?
12
Suppose -27*k + 4208 = 1184. Calculate the greatest common divisor of 532 and k.
28
Suppose -3*c - 2*r + 55 = 0, 5*r = 7*c - 6*c + 10. Suppose -4*d = -237 - 3. Calculate the greatest common factor of d and c.
15
Suppose -8 = -p - 0*v - v, 0 = -2*p + v + 22. What is the highest common factor of 170 and p?
10
Let s(c) = 2*c - 7. Let n be s(5). Suppose 2*g - n*a + 271 = 4*g, -2*g - 2*a = -276. What is the highest common divisor of 13 and g?
13
Let t(w) = 54*w**2 + 11*w + 1. Let j be t(-1). What is the greatest common factor of j and 77?
11
Let p be -4 + (-386)/(-14) - (-16)/(-28). Calculate the greatest common factor of p and 1127.
23
Suppose -2*n + 256 = 2*n. Suppose -54 = -7*f + 2. Calculate the greatest common divisor of f and n.
8
Let r = 284 + -221. What is the highest common divisor of r and 14?
7
Let n = -4 - -56. Let v be (-948)/27 + 4 + 2/18. Let p = v + n. What is the highest common divisor of 7 and p?
7
Let m(c) = 4*c**2 - 27*c + 131. Let f be m(5). Suppose -2*z - 57 + 185 = 0. Calculate the highest common divisor of f and z.
32
Suppose -4*f + 1512 = -2*c, 57*c = -4*f + 56*c + 1500. What is the greatest common divisor of f and 24?
8
Suppose 20 = x - a, 2*x - a - 2*a - 38 = 0. Let g = 118 - x. Calculate the highest common factor of g and 16.
16
Let g be (-1 - -1) + 2 + 0. Let x be g/(-6) + 1230/18. What is the greatest common factor of x and 17?
17
Let x = 9 - 4. Suppose -15 = -x*z - 0*z. Suppose 3*a - 82 + 10 = 0. Calculate the greatest common factor of a and z.
3
Let v = -226 + 248. Let f(m) = -67*m - 1. Let p be f(-1). Calculate the highest common factor of p and v.
22
Let h = 148 + 404. Suppose 3*d + 5*j - h = -86, 3*d = 3*j + 498. What is the greatest common divisor of d and 18?
18
Suppose -25 = -2*n - 7. Suppose 0 = -a + 4, -7*k - 3*a = -2*k + 123. Let x be (-14)/(-63) - 1938/k. What is the greatest common divisor of n and x?
9
Suppose 2*t - 5 = -l, -2*t - 5 = 3*l - 0*l. Suppose -s - 17 = -4*u - 1, 0 = -5*u + t*s + 5. What is the highest common factor of 15 and u?
5
Suppose 0 = -7*s + 5*s + 176. Let o(b) = 13*b - 22 + 13*b**2 - 6*b**2 - 6*b**2. Let n be o(-15). What is the greatest common factor of n and s?
8
Suppose 5*r + 759 = -851. Let y = -227 - r. What is the highest common divisor of y and 5?
5
Let z = -25 - -22. Let u be z - (-5*3 + 1). Calculate the greatest common factor of u and 11.
11
Let z = 323 - 155. Suppose 10*i = -c + 5*i + 56, 2*i - z = -3*c. What is the highest common factor of c and 14?
14
Let i = 25 - 30. Let b be (6 - -114)*(-2)/i. What is the highest common divisor of 12 and b?
12
Suppose -3*a - 64 + 304 = 0. Suppose -17 = -j - 1. Calculate the highest common factor of j and a.
16
Suppose -2*x - 56 = -6*x. Suppose -15 = 5*h, 2*t + 4*h = 161 - 61. What is the greatest common divisor of t and x?
14
Let o(g) = 2*g**3 - 53*g**2 + 59*g - 66. Let c be o(26). Calculate the highest common factor of 144 and c.
72
Suppose -4*s = -2*s - 14. Let i(d) = d**3 - 13*d**2 - 12*d - 14. Let f be (-99)/(-7) + 1/(-7). Let l be i(f). What is the highest common factor of l and s?
7
Suppose 4*p - 230 = -10. Suppose 20*m + 3 = 21*m. Let y(f) = 16*f - 26. Let a be y(m). Calculate the highest common factor of a and p.
11
Let p be 0*(-3)/(-12) - -4. Suppose -8 = p*j - 296. Let w = 3 - -21. Calculate the highest common factor of w and j.
24
Suppose -5*r + 0*i - 3*i = -16, 5*i = r + 8. Suppose 3*f + 13 - 39 = r*a, 3*a = -3. Calculate the greatest common factor of f and 8.
8
Suppose 0*f + 3 = f. Let r be 39/4 - (153/(-36) - -5). What is the highest common factor of r and f?
3
Let p(m) = -m**2 - 12*m + 7. Let f be p(-11). Calculate the highest common factor of f and 558.
18
Suppose z - 4*z + 45 = 0. Let n be z + -3 + 1 + 2. Calculate the highest common factor of n and 3.
3
Let p(h) be the second derivative of 0 + 3/2*h**2 + 1/4*h**4 - 5/6*h**3 + 2*h. Let u be p(3). What is the greatest common factor of 6 and u?
3
Let p = -1454 - -1574. Let t = -111 - -159. Calculate the highest common divisor of t and p.
24
Suppose 2*s + 3*s = 20. Suppose 363 = s*x + y, 7 = -y + 2. Suppose 19*t - x = 15*t. Calculate the greatest common factor of 69 and t.
23
Let u(c) = 48*c - 44. Let l be u(2). Calculate the greatest common divisor of l and 16.
4
Suppose 4*p + 58 = 2*m + 24, 0 = -m - p + 2. Calculate the greatest common divisor of m and 4.
1
Let d(k) = -34*k**2 - 5*k - 4. Let f(p) = p**2 - p - 1. Let q(c) = -d(c) + 3*f(c). Let o be q(-1). Calculate the greatest common divisor of 9 and o.
9
Suppose 2*f = -4*w + 1368 - 92, -f + 643 = w. What is the greatest common divisor of f and 567?
81
Let v = -411 - -647. Suppose 0 = -2*m - z + v, -5*m + 0*m - 5*z = -595. Suppose -3*h + m = -0*h. What is the highest common factor of 13 and h?
13
Let l(h) = 8*h**2 - 15*h + 35. Let y be l(5). Calculate the greatest common factor of 24 and y.
8
Let z be ((-120)/(-35))/(3/21). Let m be ((-1)/(-3))/((-4)/z). Let x be -5*(m + (-168)/15). What is the highest common factor of 44 and x?
22
Let m = -23 - -39. Let g be (336/(-35))/(4/(-60)). Calculate the highest common factor of m and g.
16
Let c be 4/(-18) + 3 + (-1470)/(-54). Let g(x) be the third derivative of 5*x**4/24 - 9*x**2. Let l be g(3). What is the greatest common factor of c and l?
15
Let x = 553 + 558. What is the greatest commo